{"version":"1.0","provider_name":"HESHIMA MAGAZINE","provider_url":"https:\/\/heshimardc.net\/v1","author_name":"RedactionH","author_url":"https:\/\/heshimardc.net\/v1\/author\/redactionh\/","title":"FCC : retour sur la chute d\u2019un clan - HESHIMA MAGAZINE","type":"rich","width":600,"height":338,"html":"<blockquote class=\"wp-embedded-content\" data-secret=\"MMCgaRovQK\"><a href=\"https:\/\/heshimardc.net\/v1\/2022\/01\/26\/fcc-retour-sur-la-chute-dun-clan\/\">FCC : retour sur la chute d\u2019un clan<\/a><\/blockquote><iframe sandbox=\"allow-scripts\" security=\"restricted\" src=\"https:\/\/heshimardc.net\/v1\/2022\/01\/26\/fcc-retour-sur-la-chute-dun-clan\/embed\/#?secret=MMCgaRovQK\" width=\"600\" height=\"338\" title=\"\u00ab\u00a0FCC : retour sur la chute d\u2019un clan\u00a0\u00bb &#8212; HESHIMA MAGAZINE\" data-secret=\"MMCgaRovQK\" frameborder=\"0\" marginwidth=\"0\" marginheight=\"0\" scrolling=\"no\" class=\"wp-embedded-content\"><\/iframe><script type=\"text\/javascript\">\n\/* <![CDATA[ *\/\n\/*! This file is auto-generated *\/\n!function(d,l){\"use strict\";l.querySelector&&d.addEventListener&&\"undefined\"!=typeof URL&&(d.wp=d.wp||{},d.wp.receiveEmbedMessage||(d.wp.receiveEmbedMessage=function(e){var t=e.data;if((t||t.secret||t.message||t.value)&&!\/[^a-zA-Z0-9]\/.test(t.secret)){for(var s,r,n,a=l.querySelectorAll('iframe[data-secret=\"'+t.secret+'\"]'),o=l.querySelectorAll('blockquote[data-secret=\"'+t.secret+'\"]'),c=new RegExp(\"^https?:$\",\"i\"),i=0;i<o.length;i++)o[i].style.display=\"none\";for(i=0;i<a.length;i++)s=a[i],e.source===s.contentWindow&&(s.removeAttribute(\"style\"),\"height\"===t.message?(1e3<(r=parseInt(t.value,10))?r=1e3:~~r<200&&(r=200),s.height=r):\"link\"===t.message&&(r=new URL(s.getAttribute(\"src\")),n=new URL(t.value),c.test(n.protocol))&&n.host===r.host&&l.activeElement===s&&(d.top.location.href=t.value))}},d.addEventListener(\"message\",d.wp.receiveEmbedMessage,!1),l.addEventListener(\"DOMContentLoaded\",function(){for(var e,t,s=l.querySelectorAll(\"iframe.wp-embedded-content\"),r=0;r<s.length;r++)(t=(e=s[r]).getAttribute(\"data-secret\"))||(t=Math.random().toString(36).substring(2,12),e.src+=\"#?secret=\"+t,e.setAttribute(\"data-secret\",t)),e.contentWindow.postMessage({message:\"ready\",secret:t},\"*\")},!1)))}(window,document);\n\/* ]]> *\/\n<\/script>\n","thumbnail_url":"https:\/\/heshimardc.net\/v1\/wp-content\/uploads\/2022\/01\/ElSxgCNWMAAcsyG.jpg","thumbnail_width":640,"thumbnail_height":350,"description":"Devant l\u2019impossibilit\u00e9 de contourner la Constitution pour briguer un troisi\u00e8me mandat, Joseph Kabila avait, \u00e0 la surprise g\u00e9n\u00e9rale, port\u00e9 son choix sur Emmanuel Ramazani Shadary comme candidat \u00e0 sa succession \u00e0 la t\u00eate du pays. A quelques heures seulement de la fin du d\u00e9lai de d\u00e9p\u00f4ts des candidatures pour la pr\u00e9sidentielle, l\u2019ex-chef d'Etat, alors en fonction, a d\u00e9voil\u00e9, le 8 ao\u00fbt 2018, le nom du candidat du Front commun pour le Congo (FCC), pour le scrutin du 23 d\u00e9cembre de la m\u00eame ann\u00e9e."}

Devant l’impossibilité de contourner la Constitution pour briguer un troisième mandat, Joseph Kabila avait, à la surprise générale, porté son choix sur Emmanuel Ramazani Shadary comme candidat à sa succession à la tête du pays. A quelques heures seulement de la fin du délai de dépôts des candidatures pour la présidentielle, l’ex-chef d'Etat, alors en fonction, a dévoilé, le 8 août 2018, le nom du candidat du Front commun pour le Congo (FCC), pour le scrutin du 23 décembre de la même année.
